*c**2 - 24. Calculate f(6).
48
Let b(x) = -425*x - 2161. What is b(-5)?
-36
Let b(p) = 4*p**2 + 259*p - 261. Determine b(1).
2
Let s(h) = 2*h**3 + 15*h**2 + 5*h - 22. Give s(-7).
-8
Let z(n) = n - 94. Give z(-2).
-96
Let q(t) = -19*t + 637. Determine q(33).
10
Let o(m) = -2*m**3 - 18*m**2 - 36*m - 147. Calculate o(-9).
177
Let y(n) = 1957*n + 27400. What is y(-14)?
2
Let n(c) = 91*c**2 + 365*c - 11. Determine n(-4).
-15
Let v(q) = -1379*q - 2770. What is v(-2)?
-12
Let s(i) = -4*i**3 + 45*i**2 + 13*i - 84. Calculate s(11).
180
Let i(w) = -4*w**2 + 60*w - 480. What is i(13)?
-376
Let c(z) = -8*z**2 + 55*z - 26. Calculate c(6).
16
Let l(n) = 131*n**2 - 1229*n + 16. Give l(9).
-434
Let d(n) = -58*n + 8286. What is d(144)?
-66
Let y(o) = o**3 - 55*o**2 - 1225*o + 8. Give y(72).
-64
Let a(h) = 1836*h + 55087. Calculate a(-30).
7
Let g(x) = -429*x - 33474. Calculate g(-78).
-12
Let c(q) = 2*q**3 - 79*q**2 - 34*q - 186. Give c(40).
54
Let q(k) = k**2 - 55*k + 483. What is q(11)?
-1
Let y(h) = -2*h**3 - 4*h**2 + 336*h - 28. Give y(-14).
-28
Let f(t) = -13*t**2 - 323*t + 52. Give f(-25).
2
Let y(g) = -2*g**2 + 17*g + 6. Calculate y(12).
-78
Let u(c) = c**3 - 16*c**2 - 129*c + 32. What is u(21)?
-472
Let p(m) = 242*m**2 - 3386*m - 32. Give p(14).
-4
Let f(j) = j**2 - 15*j + 89. What is f(0)?
89
Let b(r) = -17*r + 687. Determine b(27).
228
Let z(b) = -2*b**3 - 139*b**2 + 66*b - 290. What is z(-70)?
-10
Let q(v) = v**2 - 87*v + 826. Give q(9).
124
Let l(b) = -b**3 + 76*b**2 - 80*b + 233. Calculate l(75).
-142
Let i(p) = p**3 + 13*p**2 + 3*p - 104. Determine i(-12).
4
Let l(v) = -2*v**3 + 12*v**2 - 106*v + 641. Determine l(6).
5
Let i(s) = -4*s**3 - 46*s**2 + 111*s + 434. Determine i(-13).
5
Let y(o) = -o**3 - 116*o**2 - 451*o - 70. Give y(-112).
266
Let u(f) = -196*f - 7041. Calculate u(-36).
15
Let b(l) = -21*l - 195. What is b(-9)?
-6
Let q(c) = 2*c**2 + 36*c + 67. What is q(-16)?
3
Let a(k) = 10*k**3 - 39*k**2 + 16*k - 64. Calculate a(4).
16
Let g(z) = 8*z**2 - 26*z - 3. Determine g(-9).
879
Let g(w) = 6005*w + 60044. Calculate g(-10).
-6
Let b(i) = 3*i**2 - 18*i - 149. Determine b(-10).
331
Let o(u) = u**3 - 22*u**2 + 6*u + 32. Calculate o(22).
164
Let q(w) = -39*w - 89. Determine q(-6).
145
Let g(t) = 2*t**2 - 610*t - 13. What is g(0)?
-13
Let k(f) = 2*f**2 + 16*f - 45. Calculate k(-7).
-59
Let x(i) = 14*i + 22. Determine x(-3).
-20
Let t(u) = u**2 - 3*u - 18. Calculate t(-4).
10
Let v(z) = -5*z**2 + 23*z + 167. What is v(-6)?
-151
Let z(s) = 19*s**2 - 23*s - 4. Give z(1).
-8
Let a(n) = -9*n**3 - 5*n**2 + 10*n - 18. Calculate a(4).
-634
Let x(n) = -50*n**2 + 1935*n + 588. Give x(39).
3
Let m(j) = 13*j**3 - 8*j**2 - 8. Determine m(2).
64
Let m(b) = b + 66. Calculate m(-44).
22
Let p(a) = -3*a**3 + 36*a**2 - 23*a - 22. Calculate p(11).
88
Let z(k) = -145*k + 1871. Calculate z(13).
-14
Let q(r) = -34*r - 4586. Determine q(-135).
4
Let g(w) = -w**3 + 17*w**2 - 38*w + 712. Determine g(17).
66
Let a(k) = -k**2 + 1464*k + 10292. What is a(-7)?
-5
Let i(d) = 40*d**2 + 3*d - 26. Calculate i(-2).
128
Let t(s) = s**2 + 62*s - 727. Calculate t(11).
76
Let m(z) = z**3 - 13*z**2 - 8*z + 24. Calculate m(13).
-80
Let y(z) = 5*z**2 + 15*z - 16. Determine y(-4).
4
Let r(x) = x**3 - 6*x**2 - 4*x - 126. What is r(9)?
81
Let c(s) = s**2 - 21*s - 640. Calculate c(38).
6
Let r(g) = 22*g**2 + 8*g + 3. Determine r(-2).
75
Let s(f) = f**2 - 108*f + 2890. Give s(55).
-25
Let m(r) = -6*r**3 + 12*r**2 + 51*r - 11. Give m(4).
1
Let v(q) = -6*q - 150. What is v(-19)?
-36
Let m(i) = 182*i**2 - 1437*i - 169. Give m(8).
-17
Let w(j) = -44*j - 3434. Determine w(-78).
-2
Let b(l) = -39*l - 325. Determine b(-8).
-13
Let u(y) = -y**3 - 19*y**2 + 112*y - 116. Calculate u(-24).
76
Let j(u) = -u**3 - 128*u**2 + 1832*u - 149. Determine j(-141).
-8
Let v(r) = 3*r**3 - 3*r**2 + 348*r - 1045. What is v(3)?
53
Let b(f) = 43*f**2 - 192*f + 11. What is b(4)?
-69
Let w(q) = 5*q**2 + 192*q - 8. Determine w(-38).
-84
Let x(f) = -2*f**2 - 3*f - 5. What is x(2)?
-19
Let i(p) = -p**3 + 71*p**2 + 311*p - 824. Give i(75).
1
Let o(n) = -11*n**2 + 72*n + 279. Give o(-3).
-36
Let f(l) = l**3 + 21*l**2 - 160*l + 61. What is f(-27)?
7
Let z(d) = -15*d**2 + 4*d - 13. What is z(3)?
-136
Let g(j) = j**2 - 132*j + 4254. Determine g(56).
-2
Let d(z) = 3*z**2 - z - 59. What is d(0)?
-59
Let o(t) = 5*t**2 - 11*t - 15. Give o(-4).
109
Let h(i) = -i**2 + 37*i - 79. Calculate h(42).
-289
Let u(g) = -g**2 + 83*g - 238. Calculate u(3).
2
Let v(g) = g**3 - 29*g**2 + 185*g - 49. Calculate v(9).
-4
Let h(k) = -k**3 + 136*k**2 - 126*k - 1221. What is h(135)?
-6
Let h(o) = -o**3 - 66*o**2 - 66*o - 8916. Calculate h(-67).
-5
Let z(x) = -x**3 + 14*x**2 + 468*x - 7088. Determine z(19).
-1
Let b(j) = -j**3 - 7*j**2 + 33*j + 22. What is b(-10)?
-8
Let d(q) = 20*q + 241. Give d(0).
241
Let o(l) = 10*l + 249. What is o(-17)?
79
Let a(h) = -2*h**3 - 9*h**2 - 8*h - 38. Give a(-5).
27
Let p(v) = 17*v + 232. What is p(-7)?
113
Let o(d) = -28*d**2 + 420*d - 419. Give o(1).
-27
Let n(r) = -2*r**3 - 16*r**2 + 23*r + 34. Give n(-9).
-11
Let j(d) = -47*d**2 - 6*d + 5. Give j(1).
-48
Let c(m) = 1115*m + 20074. Determine c(-18).
4
Let z(a) = -6*a**2 + 117*a - 74. Give z(19).
-17
Let k(u) = -24*u - 112. What is k(-4)?
-16
Let i(r) = 7*r**2 + 538*r - 1682. Give i(3).
-5
Let n(g) = 128*g + 681. Give n(-5).
41
Let v(t) = -8*t + 94. Calculate v(10).
14
Let d(v) = 59*v + 101. Calculate d(-2).
-17
Let j(z) = 11*z**3 + 14*z**2 + 5*z - 1. Give j(-1).
-3
Let p(c) = c**3 + 3*c**2 - 16*c - 21. What is p(-5)?
9
Let p(r) = r**2 - 7*r + 33. What is p(4)?
21
Let k(q) = -21*q - 125. Determine k(-16).
211
Let i(o) = 224*o**3 + 8*o**2 - 6. What is i(1)?
226
Let g(b) = 3*b**3 - 44*b**2 + 53*b - 642. Determine g(14).
-292
Let l(t) = 8*t - 60. What is l(21)?
108
Let m(t) = -t**2 - 7*t + 482. What is m(29)?
-562
Let c(r) = -6*r**3 - 72*r**2 - 3. Give c(-12).
-3
Let i(g) = -804*g - 5621. Calculate i(-7).
7
Let c(l) = -l**3 - 4*l**2 + 444*l + 2716. Give c(-6).
124
Let h(o) = -3194*o + 28748. Calculate h(9).
2
Let i(m) = -2*m**3 - 101*m**2 - 56*m - 319. Determine i(-50).
-19
Let c(x) = -32*x - 1351. Calculate c(-35).
-231
Let l(x) = 86*x + 395. What is l(-4)?
51
Let u(d) = 108*d + 73. Determine u(-3).
-251
Let x(z) = 3*z**2 - 82*z - 32. Determine x(28).
24
Let m(v) = -146*v + 736. Give m(5).
6
Let q(a) = -14*a**2 + 630*a + 648. What is q(46)?
4
Let k(x) = -x**2 - 43*x - 490. Give k(-17).
-48
Let g(b) = 8*b**2 + 119*b - 135. Determine g(-16).
9
Let b(a) = -a**2 + 14*a + 1171. Calculate b(-28).
-5
Let a(s) = s**3 - 11*s**2 + 27*s - 41. Give a(11).
256
Let m(u) = -u**2 - 680*u - 8671. Calculate m(-13).
0
Let s(g) = -11*g + 214. Determine s(9).
115
Let q(f) = -f**3 + 23*f**2 - 21*f + 29. Give q(19).
1074
Let l(i) = 269*i - 7527. Give l(28).
5
Let t(f) = f**3 + 34*f**2 + 38*f - 4. Give t(-2).
48
Let p(x) = 20*x**3 - 70*x - 143. Determine p(-2).
-163
Let s(c) = 138*c + 3873. Determine s(-28).
9
Let t(m) = m**3 - 2*m**2 + 12*m - 22. What is t(2)?
2
Let s(r) = 2*r**3 + 11*r**2 - 23*r - 2. Determine s(-10).
-672
Let t(c) = 7*c**2 + 89*c + 274. Calculate t(-7).
-6
Let t(m) = -16*m + 366. What is t(28)?
-82
Let i(d) = -2752*d - 35780. Give i(-13).
-4
Let t(y) = -8*y - 35. What is t(4)?
-67
Let y(i) = -4*i**3 - 18*i**2 - 12*i - 16. Give y(-4).
0
Let r(y) = 3*y**2 - 1004*y + 18888. What is r(20)?
8
Let d(b) = -2*b**2 + 2027*b - 8092. Calculate d(4).
-16
Let y(c) = 8*c**2 - 26*c - 7. What is y(8)?
297
Let v(p) = 7*p**2 + 86*p - 44. Give v(-13).
21
Let t(j) = -j**3 + 8*j**2 + 47*j - 380. Determine t(7).
-2
Let y(u) = 3*u**3 - 17*u**2 - 38*u + 67. Calculate y(7).
-3
Let r(t) = t**2 + 27*t - 131. What is r(4)?
-7
Let g(f) = -f**3 + 36*f**2 + 230*f - 8230. Give g(36).
50
Let l(u) = 220*u**2 - 875*u - 4. Calculate l(4).
16
Let t(f) = 72*f**2 + 573*f - 24. Calculate t(-8).
0
Let n(l) = 145*l**2 + 8*l - 6. Give n(1).
147
Let v(f) = -5*f**2 + 111*f + 1073. What is v(-11)?
-753
Let i(u) = u**2 + 8*u - 113. Determine i(9).
40
Let u(q) = -11872*q - 11863. Calculate u(-1).
9
Let b(q) = -12*q + 48. Give b(7).
-36
Let h(x) = 92*x + 3115. Give h(-34).
-13
Let r(b) = b**3 + 15*b**2 - 311*b - 4402. What is r(-13)?
-21
Let g(m) = -m**2 + 423*m + 848. What is g(-2)?
-2
Let f(a) = -a**2 - 7. What i